-3 - -1 - 0)?
3
Evaluate -13 - (-4 - (4 - (-4 + 7))).
-8
What is -10 + -7 + (5 + 4 - -4)?
-4
Calculate -6 - -13 - (37 + -34 + 19 + -1).
-14
What is the value of (-7 - 0) + 30 + (6 - 27)?
2
Calculate (-25 - -5 - 2) + 15.
-7
What is (-3 - 1) + (41 - 14) + (-1 - 7)?
15
Calculate -9 + 3 - -4 - ((2 - -5) + -5).
-4
Calculate 0 + -39 + 37 + -30 + 8 - -3.
-21
What is the value of -6 + -14 - -34 - (1 - 0 - -1)?
12
What is the value of 1 + 1 - (-11 - (5 - (13 + -9)))?
14
What is the value of 5 + -11 + -1 - (-26 + 26)?
-7
Calculate (-31 + 42 - (-8 - 0)) + -3.
16
What is 4 - (1 - -19) - -1 - -39?
24
Calculate (-34 - -44 - 6) + (-8 - 1) + 4.
-1
-10 + (15 - ((-12 - -7) + 32))
-22
Evaluate -94 - -107 - (0 + -2 + 3).
12
Calculate (-100 - -79) + (7 - 3).
-17
-96 + 113 + -10 + -11
-4
Evaluate 9 - (1 - 1 - (-50 + 44)).
3
Calculate 18 - (60 - 18) - -18.
-6
Evaluate -3 - (-18 - (-9 + -37)) - -13.
-18
What is the value of 3 + -21 + 20 + 1?
3
What is 5 - (19 + -8 - 21 - (2 - 5))?
12
What is the value of 1017 - 1061 - (0 + -48)?
4
What is 1 + -21 + (13 - 12)?
-19
What is -20 - 0 - (-58 + 40)?
-2
-1 + -11 - (31 + 40 + -65)
-18
Evaluate 8 + 7 + (4 - (-8 - -14)).
13
What is -8 + (-7 - (-29 + 11) - 7) - -4?
0
-17 - (-1 + -2 - (7 - (18 - 9)))
-16
Evaluate (-11 - 0) + 14 + 10 + -18.
-5
What is -11 + (3 - (-2 - 5 - -12) - -1)?
-12
Calculate 18 + (8 - (11 + -3) - 6).
12
Evaluate 10 + -10 - (7 - (2 - 2)).
-7
40 - (63 - 47) - (-1 - (-1 - -7))
31
5 - (-18 - (-23 - 0) - (-2 + 6))
4
What is the value of 16 - ((-23 - -31) + 0)?
8
Evaluate 4 - (23 - 7 - 30).
18
What is the value of -19 - (6 + -4 - -3)?
-24
What is the value of 1 + -1 + -7 + -7?
-14
What is -3 + 4 - -39 - 18?
22
-25 - (-29 - (-9 + 17))
12
What is the value of 0 - (-13 + -19 - -8 - -4)?
20
Calculate -8 - (-46 - (-9 - 13)).
16
Calculate 1 - -7 - (70 - 76).
14
What is 1 + -17 + (-5 - -18)?
-3
Evaluate 18 - (12 - 12) - (-3 - (-4 - -4)).
21
Calculate (136 - 137) + (-1 - 0).
-2
What is the value of 10 - ((0 - ((0 - 5) + -30)) + -9)?
-16
What is (9 + 3 - -1) + 546 + -530?
29
What is the value of 8 + (-14 - (6 - 16) - 22)?
-18
What is the value of -3 + 18 + (-3 - 3) + -1?
8
What is -9 + (4 - (5 - 5))?
-5
0 + -2 + (9 - -14) + -15 + 4
10
What is (5 + 4 - (7 - -6)) + 4?
0
What is 3 + 4 + 3 + (6 - (2 - -4))?
10
What is the value of 1335 + -1362 + (2 - -1) + 1?
-23
What is 2 + 7 + 1 - ((-14 - -36) + -3)?
-9
Calculate (-6 + 20 - 25) + (-38 - -22).
-27
What is the value of -11 + 4 + 0 - (8 + 11 + -3)?
-23
What is the value of -1 - (1 - -3 - (-11 + 10)) - -4?
-2
-1 + -1 + (-8 - 3) - (-36 + 30)
-7
(-7 - (0 + (0 - 1) - 2)) + 7
3
What is the value of (-371 - -380) + (-4 - 36)?
-31
(-5 - (0 - (3 + -1))) + 1
-2
Evaluate (12 - 7 - 0) + -6 + 30.
29
What is the value of 8 + 9 + -7 + -10 - -9?
9
Calculate (168 + -164 - (1 + 2 + -7)) + -3.
5
What is the value of 0 + (-1 - 0) + (-17 + 41 - 28)?
-5
Evaluate (-5 - (9 + -3 + -7)) + (-7 - 1).
-12
Calculate (-3 + 15 - 3) + -4 - -2 - 25.
-18
What is the value of -1 - (-4 - (4 - 10 - -10) - 3)?
10
Evaluate (18 - 20) + -14 + 10 + -9.
-15
What is the value of 9 + -8 + -14 + -5?
-18
Calculate 4 + 5 + 3 + -8.
4
What is -11 + 25 + -4 + -15?
-5
Calculate (13 + -17 - 11) + 30.
15
Evaluate 61 - 30 - 50 - (0 - 3).
-16
Calculate (-27 - -15) + (7 - -2) + 0.
-3
What is the value of (-2 - (2 - (2 - 2))) + (-30 - -24)?
-10
0 + -8 - (-2 - 3) - (-2 - -1)
-2
What is the value of 12 - (18 + -2 + 8)?
-12
11 + 12 + 6 - 24
5
Calculate 7 - (3 - -5 - -6) - -18.
11
Calculate (107 - 53) + -47 - (1 - -27).
-21
(-4 - (3 + (7 - 6)) - 5) + -7
-20
Evaluate (-16 - (-12 - 3)) + 16.
15
(-5 - 1) + (-107 - -113) + (-2 - -2)
0
What is the value of 1 + 2 + 17 + (-415 - -415)?
20
What is the value of -11 + (-2 - -2) - (36 + -23 + -22)?
-2
What is the value of -3 - -13 - (-4 + -2 - -15) - -36?
37
0 + -1 + 6 - (111 - 121)
15
Calculate (-22 - 1) + 0 + -4 + 4.
-23
(2 - -11) + ((-2 - 2) + 11 - 13)
7
What is (0 + -8 - -2) + -3 + 6 - -5?
2
Evaluate (-17 - 4) + 36 - 6.
9
Calculate (-14 - -5) + (-2 + 21 - -1).
11
15 + 14 + 7 - 47
-11
Calculate 8 - (-19 - (-49 - -22)).
0
What is the value of (3 - (-17 - -4) - 6) + 6?
16
Calculate -19 + (-17 + 23 - -29).
16
Calculate 6 - (1 - 18 - (3 - 3)).
23
Evaluate -7 + 38 + -9 - 10.
12
Calculate -1 - (15 + -14 + -5).
3
Evaluate -2 + 5 + -86 + 79.
-4
What is the value of -9 + 12 + (12 - ((7 - 3) + 2))?
9
What is -16 - (-9 - -3 - 10)?
0
Evaluate (14 + -32 - (-13 + 11)) + -1 + 3.
-14
What is the value of 11 - (9 - (10 - -4) - -5)?
11
Evaluate 190 - 208 - (-14 + 0).
-4
-4 + (-12 - (9 - 17) - (-3 - 1))
-4
What is the value of 2 + 7 + (-34 - -42)?
17
Evaluate (-24 - ((6 - 12) + 10)) + (6 - 1).
-23
Evaluate 4 + 7 + -12 + -10 - 11.
-22
Calculate 8 + 7 + -4 + -1 + -18 - -28.
20
What is 9 + -15 + 5 - 13?
-14
Calculate 2 - (-5 - -7) - (25 + 0).
-25
Evaluate -159 + 162 - (-1 - -12).
-8
What is -7 - (17 + -7 - (0 + 3 - 4))?
-18
What is -13 - (-12 + -9 + -5) - 43?
-30
What is the value of 10 + 5 - (-3 + 6 - -1 - -3)?
8
What is the value of 17 + (7 - 4 - 1) + -5 + 3?
17
What is the value of 7 + -2 + (-7 - -6)?
4
Calculate (155 - 147) + (-1 - -11) + 4.
22
What is 7 + 18 - 28 - (1 + -13)?
9
What is -61 + 34 + -5 + -13 - -18?
-27
Evaluate 2 - (-2 + 1 + (-13 - 16) + 7).
25
What is (-3 - -1) + 8 + (3 - 8)?
1
Evaluate 6 + (-38 - -33) - (2 - 2 - -7).
-6
What is the value of 0 - (2 + 9 + -16 - 1)?
6
1 - 9 - (-142 - -100 - -43)
-9
Evaluate -3 + 17 - 23 - -22.
13
Evaluate 19 + -5 + ((1 - 4) + 1 - 4).
8
Evaluate -2 - (4 + -8 - 4 - -7) - 4.
-5
(-7 - 0) + -82 + 106 + -5
12
Evaluate -185 + 153 + 2 + 50.
20
What is the value of -58 + (-14 - (16 - 65))?
-23
What is the value of 10 + (5 - 5) + -22 + 9?
-3
(18 - -2) + 32 + -73
-21
-22 + 3 - 22 - -22
-19
What is 58 + -55 + (4 + 7 - 7)?
7
What is the value of (12 + -13 - 6) + (-7 - 1)?
-15
-8 + (-26 + 22 - (10 + 3))
-25
What is the value of 5 + -7 + (8 - 12) + 9 + -20?
-17
What is the value of 2 - (2 - -7) - (100 - 115)?
8
7 - (-3 + 8) - 16
-14
What is (9 - (-3 - -10)) + 3 - (11 + 3)?
-9
7 + 14 + -8 + 5 + 9 + -18
9
(11 - (-5 - -9)) + (-17 - -21) + -3
8
What is the value of (-2 - -2) + (4 - 6) - (-292 + 311)?
-21
What is 22 + 19 + (11 - 39)?
13
What is the value of -2 + (6 - 3) - (33 + -22 + -19)?
9
What is 145 - 147 - (0 + -2 + 1)?
-1
What is 15 + -10 + -10 + 12 - 6?
1
What is 8 - ((14 - 20) + 18)?
-4
What is (7 - (-9 - -10)) + -20 + 3?
-11
Evaluate 0 + (-8 - (2 + (-13 - -22))).
-19
What is (-2 - (3 + 0)) + 3 + 5 + -13?
-10
What is 22 + (-3 - 4) + -12?
3
What is 11 - 11 - (5 + 0 + (-4 - -2))?
-3
Evaluate -57 - (-2 + -32) - -9.
-14
Evaluate -206 + 197 + 6 + -1.
-4
Calculate 3 + -2 + (-2 - -3) - (-6 - -22).
-14
What is (-26 - -3) + (73 - 50)?
0
What is the value of (-16 - -2) + 3 + (2 - 6)?
-15
What is -27 + (33 + 67 - 34)?
39
Evaluate -22 - (-28 + 2 + 10).
-6
What is -41 - (-18 + 24 + -26)?
-21
0 + -4 + 5 + -12 + 9
-2
What is 27 + -7 + 17 + -25 - 4?
8
Evaluate 41 + -44 - (-4 + -2) - 19.
-16
What is 2 + -17 + 22 + -15?
-8
Evaluate -16 + 1 - -2 - (17 - -3 - 22).
-11
Evaluate (12 - 6) + (14 - (2 + (4 - -4))).
10
(-5 - -11) + -14 - 3
-11
1 + -10 + 4 - 0 - (-10 - -8)
-3
13 + -44 - (-14 + 7) - (-3 - 3)
-18
Evaluate (5 - 0) + -630 + 668 + (-11 - -1).
33
8 + (13 - (4 - -3) - 17)
-3
What is the value of (-11 + 5 - -17) + (-4 - -1 - 4)?
4
What is -2 + -16 - (-11 + 26 - 9)?
-24
Calculate (-14 + 5 - -11) + -9.
-7
What is the value of (428 - 397) + 1 + -35?
-3
Calculate -6 + (-2 - -9) + -8 - -8.
1
Calculate -44 + 40 - (-3 + (1 - 3) + 0).
1
What is 24 + (23 - (51 + -19))?
15
Calculate -4 - (-1 + 69 + -42).
-30
Calculate (-6 - 1) + (8 - 20 - -15).
-4
Evaluate -19 + -5 + (0 - -13).
-11
(33 - 0) + 1290 + -1297
26
Evaluate -3 + 26 - (105 + -91).
9
Evaluate -23 - (-1 + -11) - -12 - 19.
-18
What is -14 - (12 + -1 + -13) - -20?
8
Evaluate 7 + 2 + -26 + 28.
11
Calculate 7 - (-10 - (15 + -19 + -2 + 8)).
19
What is -3 - (-1 - (-18 + 29))?
9
What is the value of -1 - (-3 + 3) - (-30 - -29)?
0
What is (-6 - -4 - 0) + -4 + 3?
-3
What is -4 - 6 - 22 - -16?
-16
Calculate 19 - (-4 - (-1 + -48)).
-26
What is -5 + 6 + -15 - -14?
0
7 + (-5 - 1) + 16 + -8
9
What is the value of (0 - (-1 - -9)) + -20 + 7 + 9?
-12
Calculate 42 - (-9 + -11 - -36).
26
What is (-7 - (-1 - (6 - -2))) + 1 + -18?
-15
-7 + 2 - (0 + -4 - -3)
-4
Calc